the units digit of 9 + 7/(7/i)?
1
Suppose -h - 26 = -2*h. What is the tens digit of h?
2
Suppose 0 = 4*y - 5*a - 379, -3*y + 58 = 5*a - 200. What is the units digit of y?
1
Let l be (-38)/10 + 4/5. What is the units digit of 29 + -3 + -2 - l?
7
Suppose -2*a = -7*a + 25. Suppose 0 = a*j - j - 8. Suppose -18 = -2*x + j. What is the units digit of x?
0
What is the units digit of ((-110)/(-20))/((-2)/(-20))?
5
Suppose 0 = -l + 105 + 148. What is the hundreds digit of l?
2
Let l(z) = -77*z - 29. What is the hundreds digit of l(-4)?
2
Let t(d) be the second derivative of d**3/3 - 5*d**2 + d. Suppose 0 = -3*r + 3*x + 30, -14 = -4*r + 3*r + 3*x. What is the units digit of t(r)?
6
Let k = -1 + 2. Let z(x) = 2*x**3 - 2*x**2 + 1. Let u be z(k). What is the units digit of 54/8 + u/4?
7
Let x(k) = k**2 + 2. Let v(q) = q**3 + q**2 - q + 1. Let o be v(1). Let w be x(o). Let j(t) = t**2 - 5*t + 2. What is the units digit of j(w)?
8
Suppose -i = -3*c - 130, -2*i - 3*c + 66 = -194. What is the units digit of i?
0
Let w = -32 + 25. Let h = 29 + w. What is the units digit of h?
2
Let g be -6*-4*3/18. Let d be 5*(-2)/g*-2. Suppose x - 4*x = 5*r - 8, -d*r + 3*x = -32. What is the units digit of r?
4
Let n(t) = t**3 - 9*t**2 + t - 7. Let h be n(9). Suppose 5*m = -h*v + 10 + 18, 3*m = 12. What is the units digit of v?
4
Let a(o) = 5*o**2 - 2*o + 1. Let r be a(1). Suppose 0 = -r*n + 16 + 4. Suppose -2*t + n*v = -7 - 4, -v = 5*t - 14. What is the units digit of t?
3
Let p(d) = -d**2 + 5*d + d**3 - 4*d - 3*d**2 - 5. Let m be p(4). What is the units digit of (m - -4)*-2*-1?
6
Suppose 25 = 5*s + 5*v, -2*s - 3*s + 4*v = -25. Suppose 4 = s*o - 3*o. Suppose -i + o*t = 4, t = 3*i - 0*t - 8. What is the units digit of i?
4
Suppose 1085 = 4*m + 129. What is the hundreds digit of m?
2
Suppose -16 - 14 = -5*m - 2*k, -4*k + 20 = 0. Suppose m*p + 4*n = -n + 61, -p = -4*n - 10. What is the units digit of p?
4
Suppose 0 = -2*k - 8 - 4. What is the units digit of ((-3)/k)/(1/2)?
1
Let j = 26 - -15. What is the tens digit of j?
4
Let a = -12 - 9. Let y = 34 + a. What is the tens digit of y?
1
Let m = 183 + -84. Suppose 2*d + m = 5*d. What is the tens digit of d?
3
Suppose 0 = -5*x + 41 + 44. What is the tens digit of x?
1
Let i(h) = -4*h**2 + 2. Let x be i(-2). Let m be ((-8)/(-14))/((-4)/x). Suppose 0 = -2*w - m*w + 8. What is the units digit of w?
2
Let i(h) = 2*h**2 + h**2 + 40*h**3 + 2*h**2 - 1 - 3*h**2. What is the units digit of i(1)?
1
Suppose -4*k + 323 = 4*g - 125, -2*g = -5*k + 539. What is the tens digit of k?
0
Let u be 10*4*(-12)/(-80). Suppose -5*b + u = -4. What is the units digit of b?
2
Suppose -4*w = -2*d - 6, 4*w - 2*w + 4*d = 18. Let b = 27 + -5. Suppose b + w = 5*m. What is the units digit of m?
5
Let s = 5 + -3. Suppose -3*f + s*f + 6 = 0. Suppose -w + 0*w = -f. What is the units digit of w?
6
Suppose 17 = 4*a + 1. Suppose -3*r + a*r = 27. What is the units digit of r?
7
Let o be (-12)/(-8)*16/6. Suppose 2*t = 4 + o. What is the units digit of t?
4
Let p(i) = i**3 - 4*i**2 - 3. Let a be p(6). Suppose -j + 105 = 5*y, 4*y - 5*j - a - 44 = 0. What is the tens digit of y?
2
Let f(k) = 2*k**3 - 2. Let b be f(2). Suppose -3*a + 3*q - 14 = -q, 2*a = -2*q + b. Suppose -g - 7 = -a*g. What is the units digit of g?
7
Let z = 46 + -19. Let g = z - 7. What is the units digit of g?
0
Suppose -4 = -4*x - w, -21 = -2*x + 4*w - 1. What is the units digit of 6*(5/2 - x)?
3
Suppose 2*t + 3*t - 5*d - 5 = 0, 3*t + 25 = -4*d. Let j be 1/2 - t/2. Suppose j*q = -3*q + 40. What is the units digit of q?
8
Suppose -2*c = 3*s - 7 - 1, 4*s - 5 = 3*c. Let u = c - -3. Suppose 0 = 4*n - q - 43, -u*q = n - 0*q - 32. What is the tens digit of n?
1
Let p(y) = -y**3 + y. Let k be p(0). Suppose k*m - 4*m + 28 = 0. What is the units digit of m?
7
Suppose -10*s + 5*s = 0. Let a(l) = -14 + 6 + l**3 - 9*l**2 - 2*l**3 + s*l**3 - 3*l. What is the tens digit of a(-9)?
1
Let h(c) = 6 + 4 - 1 + 11*c - c**2. What is the units digit of h(11)?
9
Let o = -163 - -184. What is the tens digit of o?
2
Let m be 2/3 + (-354)/18. Let l = -6 - m. What is the units digit of l?
3
Let t(a) = -2 + 4 - 5*a + 3 + 0*a + a**2. What is the units digit of t(4)?
1
Let b(y) be the third derivative of y**5/60 - y**4/8 - y**3/2 + y**2. Let s be b(4). Let h = 10 - s. What is the units digit of h?
9
Let a = -4 + -11. Let y = 25 + a. What is the tens digit of y?
1
Suppose 4*k = 3*m - 21, m + 3*m - 27 = 5*k. What is the units digit of ((-18)/1)/(m - 5)?
9
Suppose 38 = -0*g + 2*g. Let d = -11 + g. What is the units digit of d?
8
Suppose 9*r - 12*r + 27 = 0. What is the units digit of r?
9
Let v = 10 - -14. Suppose -2*g + v = 2*g. What is the units digit of g - (2 - 1) - -1?
6
Let a = -84 - -174. What is the tens digit of a?
9
Suppose 0 = x - 4*x - 2*z + 20, 2*x - 10 = -3*z. Let p = -10 + x. What is the tens digit of p - 1*-15 - 3?
1
Let x(a) = -6*a**3 + 1. Let q be x(-1). Let z(g) = -g**2 + 7*g - 8. Let p be z(6). Let b = p + q. What is the units digit of b?
5
Let q(i) = i**2 + 3*i - 1. Let k be q(-4). Let r = -8 + 10. Suppose -k*y + r*y = -2. What is the units digit of y?
2
Let h(k) = -3*k**3 + 21*k**2 - 12*k - 9. Let b(w) = -w**3 + 7*w**2 - 4*w - 3. Let f(m) = -8*b(m) + 3*h(m). What is the tens digit of f(4)?
2
Let y(v) = 6*v + 2. Let b be y(3). Suppose -4*a - r = -52, -2*r + b = -0*a + 2*a. What is the tens digit of a?
1
Let j(x) = -x + 5. Let a be j(7). Let i(g) = -g**3 - 9*g**2 - 11*g - 5. Let o be i(-8). What is the units digit of 1/a - o/(-2)?
9
What is the tens digit of 2 - ((-1778)/22 - 16/88)?
8
Let t = -28 + 68. What is the units digit of t?
0
Suppose -4*x + 10 = 2*j, 2*x - j - j = 14. Let q(h) = -6 + x*h - 8*h + 3*h. What is the units digit of q(-8)?
2
Let y = 859 + -610. What is the units digit of y?
9
Let d = -24 - -64. What is the units digit of d?
0
Let j be (4/(-4))/((-1)/2). What is the units digit of ((-15)/j)/(5/(-10))?
5
Let s(d) = -d**2 + 3*d + 4. Let j be s(4). Let o = -5 + 8. Suppose j = -6*p + o*p + 9. What is the units digit of p?
3
Let p be (0 + -1)/((-2)/6). Let u be 4/6 + 4/(-6). Suppose u*m + m = p. What is the units digit of m?
3
Let i be ((-6)/5)/((-2)/(-10)). What is the units digit of i/4*30/(-9)?
5
Let j = 9 + -15. Let q = -3 - j. What is the units digit of q?
3
Suppose -4*v - 78 = -2*r - 0*r, -4*r - v + 138 = 0. Suppose -q + r = 4*q. What is the units digit of q?
7
Let r = 13 + -18. Let t(z) = z**2 + 4*z - 5. Let p be t(r). Suppose -5*a + 60 = 3*l - p*l, -4*a - 100 = -5*l. What is the units digit of l?
0
Let y(v) = -v**3 + 3*v**2 + 2*v - 5. What is the tens digit of y(-5)?
8
Suppose 22 + 3 = -5*m. Let o = -8 - m. Let h(f) = -f + 1. What is the units digit of h(o)?
4
Let o = 170 - 44. What is the tens digit of o?
2
Suppose 5*y + 161 - 1258 = 2*o, 0 = y + 2*o - 217. What is the units digit of y/9 + 1/(-3)?
4
Suppose 2*n = -2, 2*u + 2*n - 5*n - 19 = 0. Let o = u - 7. What is the units digit of o?
1
Let x = -4 + 8. Let d = x + -15. Let q = d - -20. What is the units digit of q?
9
Let s be (-8)/(-10)*545/2. Let x be 1/(-3) - s/(-6). Suppose -1 + x = 5*i. What is the units digit of i?
7
Let z = -78 + 174. What is the units digit of z?
6
Let o = -127 + 319. Suppose t - o = 4*t. What is the units digit of (t/12)/(4/(-6))?
8
Let i be (2 - 4)/(-1 - -2). What is the tens digit of i/5 - (-156)/15?
1
What is the hundreds digit of 48/(-30)*(-310)/4?
1
Let p = -2 - -4. Suppose 0 = -y - 3*n + 9, p*n = 3*y + n - 17. What is the units digit of y?
6
Let d = -1 - -3. Let o(h) = 2*h - 2. What is the units digit of o(d)?
2
Suppose 3*b - 60 = -0*b. What is the tens digit of b?
2
Suppose g + 19 = 4*g + 5*n, 2*n = -3*g + 13. Suppose g*v + 6 = v. Let z = v - -7. What is the units digit of z?
4
Let v(l) = 31*l - 3. What is the tens digit of v(2)?
5
What is the tens digit of (1 - (0 + -1)) + 50?
5
Let u(a) = a**3 - 7*a**2 + 2*a - 4. Let h be u(7). Suppose -2*w = 3*w - h. What is the units digit of w?
2
Let z be (38/2)/(7/(-14)). Let m = 54 + z. What is the units digit of m?
6
Let m(o) = 69*o + 1. Let f be m(1). Suppose 22 - f = -3*v. What is the tens digit of v?
1
Suppose 10 = 2*y - 12. What is the tens digit of y?
1
Let i = 42 - 24. Suppose -3*z + i + 15 = 0. What is the units digit of z?
1
Suppose -t - 10 = t - 3*u, -u + 22 